{"id":79,"date":"2020-09-06T21:32:13","date_gmt":"2020-09-06T19:32:13","guid":{"rendered":"https:\/\/urlaub-in-terracina.de\/?page_id=79"},"modified":"2023-02-23T19:41:17","modified_gmt":"2023-02-23T18:41:17","slug":"appartement","status":"publish","type":"page","link":"https:\/\/urlaub-in-terracina.de\/?page_id=79","title":{"rendered":"Appartement"},"content":{"rendered":"<img loading=\"lazy\" decoding=\"async\" src=\"https:\/\/urlaub-in-terracina.de\/wp-content\/uploads\/2020\/09\/01_Wohnung.jpg\" sizes=\"100vw\" srcset=\"https:\/\/urlaub-in-terracina.de\/wp-content\/uploads\/2020\/09\/01_Wohnung.jpg 1920w, https:\/\/urlaub-in-terracina.de\/wp-content\/uploads\/2020\/09\/01_Wohnung-300x169.jpg 300w, https:\/\/urlaub-in-terracina.de\/wp-content\/uploads\/2020\/09\/01_Wohnung-1024x576.jpg 1024w, https:\/\/urlaub-in-terracina.de\/wp-content\/uploads\/2020\/09\/01_Wohnung-768x432.jpg 768w, https:\/\/urlaub-in-terracina.de\/wp-content\/uploads\/2020\/09\/01_Wohnung-1536x864.jpg 1536w\" alt=\"\" width=\"1920\" height=\"1080\" \/>\n\nUnsere Wohnung ist ca. 40 m<sup>2<\/sup> gross und f\u00fcr 2 &#8211; 3 Personen geeignet. Dazu kommt noch ein grosser nach S\u00fcden gelegener Balkon und die ebenfalls 40 m<sup>2<\/sup> grosse Dachterrasse von der man den ungetr\u00fcbten Blick \u00fcber das Meer geniessen kann.\n\nIm hinteren Teil des Appartements, abtrennbar durch eine Faltt\u00fcr, befinden sich zwei Betten mit bequemen Matratzen. Als zus\u00e4tzliche Schlafgelegenheit kann die Couch im vorderen Teil benutzt werden.\n\nDie seperate K\u00fcche ist mit allem Notwendigen ausgestattet. (Gas-Kochplatten, Elektro-Ofen, K\u00fchl-Gefrierkombination etc.)\n\nDas tageslichthelle Bad ist mit einer Badewanne ausgestattet. Der dahinterliegende kleine Balkon eignet sich gut zum trocknen der W\u00e4sche o.\u00e4.\n\nHandt\u00fccher und Bettw\u00e4sche bringen wir immer mit!\n\nDie Entfernung von der Wohnungst\u00fcr bis zum Strand betr\u00e4gt ungef\u00e4hr 50m !!!\n\nEin \u00fcberdachter Parkplatz steht uns auf dem abgeschlossenen Grundst\u00fcck auch zur Verf\u00fcgung.\n\n<!-- \/wp:paragraph --><!-- wp:paragraph -->\n\n<!-- \/wp:paragraph --><!-- wp:paragraph -->\n\n<!-- \/wp:paragraph --><!-- wp:paragraph -->\n\n<!-- \/wp:paragraph --><!-- wp:paragraph -->\n\n<!-- \/wp:paragraph --><!-- wp:paragraph -->\n\n<!-- \/wp:paragraph --><!-- wp:paragraph -->\n\n<a href=\"https:\/\/urlaub-in-terracina.de\/wp-content\/uploads\/2020\/09\/galerie_bad.jpg\" data-elementor-open-lightbox=\"yes\" data-elementor-lightbox-slideshow=\"all-7b06596\" data-elementor-lightbox-title=\"galerie_bad\">\n<\/a>\n<a href=\"https:\/\/urlaub-in-terracina.de\/wp-content\/uploads\/2020\/09\/galerie_balkon_links.jpg\" data-elementor-open-lightbox=\"yes\" data-elementor-lightbox-slideshow=\"all-7b06596\" data-elementor-lightbox-title=\"galerie_balkon_links\">\n<\/a>\n<a href=\"https:\/\/urlaub-in-terracina.de\/wp-content\/uploads\/2020\/09\/galerie_balkon_mitte.jpg\" data-elementor-open-lightbox=\"yes\" data-elementor-lightbox-slideshow=\"all-7b06596\" data-elementor-lightbox-title=\"galerie_balkon_mitte\">\n<\/a>\n<a href=\"https:\/\/urlaub-in-terracina.de\/wp-content\/uploads\/2020\/09\/galerie_balkon_rechts.jpg\" data-elementor-open-lightbox=\"yes\" data-elementor-lightbox-slideshow=\"all-7b06596\" data-elementor-lightbox-title=\"galerie_balkon_rechts\">\n<\/a>\n<a href=\"https:\/\/urlaub-in-terracina.de\/wp-content\/uploads\/2020\/09\/galerie_dach_schatten.jpg\" data-elementor-open-lightbox=\"yes\" data-elementor-lightbox-slideshow=\"all-7b06596\" data-elementor-lightbox-title=\"galerie_dach_schatten\">\n<\/a>\n<a href=\"https:\/\/urlaub-in-terracina.de\/wp-content\/uploads\/2020\/09\/galerie_kueche_1.jpg\" data-elementor-open-lightbox=\"yes\" data-elementor-lightbox-slideshow=\"all-7b06596\" data-elementor-lightbox-title=\"galerie_kueche_1\">\n<\/a><a href=\"https:\/\/urlaub-in-terracina.de\/wp-content\/uploads\/2020\/09\/galerie_kueche_2.jpg\" data-elementor-open-lightbox=\"yes\" data-elementor-lightbox-slideshow=\"all-7b06596\" data-elementor-lightbox-title=\"galerie_kueche_2\">\n<\/a>\n<a href=\"https:\/\/urlaub-in-terracina.de\/wp-content\/uploads\/2020\/09\/galerie_kueche_links.jpg\" data-elementor-open-lightbox=\"yes\" data-elementor-lightbox-slideshow=\"all-7b06596\" data-elementor-lightbox-title=\"galerie_kueche_links\">\n<\/a>\n<a href=\"https:\/\/urlaub-in-terracina.de\/wp-content\/uploads\/2020\/09\/galerie_kueche_nah_1.jpg\" data-elementor-open-lightbox=\"yes\" data-elementor-lightbox-slideshow=\"all-7b06596\" data-elementor-lightbox-title=\"galerie_kueche_nah_1\">\n<\/a>\n<a href=\"https:\/\/urlaub-in-terracina.de\/wp-content\/uploads\/2020\/09\/galerie_kueche_obst.jpg\" data-elementor-open-lightbox=\"yes\" data-elementor-lightbox-slideshow=\"all-7b06596\" data-elementor-lightbox-title=\"galerie_kueche_obst\">\n<\/a>\n<a href=\"https:\/\/urlaub-in-terracina.de\/wp-content\/uploads\/2020\/09\/galerie_schlafen.jpg\" data-elementor-open-lightbox=\"yes\" data-elementor-lightbox-slideshow=\"all-7b06596\" data-elementor-lightbox-title=\"galerie_schlafen\">\n<\/a>\n<a href=\"https:\/\/urlaub-in-terracina.de\/wp-content\/uploads\/2020\/09\/galerie_sofa.jpg\" data-elementor-open-lightbox=\"yes\" data-elementor-lightbox-slideshow=\"all-7b06596\" data-elementor-lightbox-title=\"galerie_sofa\">\n<\/a>\n<a href=\"https:\/\/urlaub-in-terracina.de\/wp-content\/uploads\/2020\/09\/galerie_sofa_2.jpg\" data-elementor-open-lightbox=\"yes\" data-elementor-lightbox-slideshow=\"all-7b06596\" data-elementor-lightbox-title=\"galerie_sofa_2\">\n<\/a>\n<a href=\"https:\/\/urlaub-in-terracina.de\/wp-content\/uploads\/2020\/09\/galerie_tisch_blick.jpg\" data-elementor-open-lightbox=\"yes\" data-elementor-lightbox-slideshow=\"all-7b06596\" data-elementor-lightbox-title=\"galerie_tisch_blick\">\n<\/a>\n<a href=\"https:\/\/urlaub-in-terracina.de\/wp-content\/uploads\/2020\/09\/galerie_tisch_innen.jpg\" data-elementor-open-lightbox=\"yes\" data-elementor-lightbox-slideshow=\"all-7b06596\" data-elementor-lightbox-title=\"galerie_tisch_innen\">\n<\/a>\n<a href=\"https:\/\/urlaub-in-terracina.de\/wp-content\/uploads\/2020\/09\/galerie_wohnung_aussen_1.jpg\" data-elementor-open-lightbox=\"yes\" data-elementor-lightbox-slideshow=\"all-7b06596\" data-elementor-lightbox-title=\"galerie_wohnung_aussen_1\">\n<\/a>\n<a href=\"https:\/\/urlaub-in-terracina.de\/wp-content\/uploads\/2020\/09\/galerie_wohnung_aussen_2.jpg\" data-elementor-open-lightbox=\"yes\" data-elementor-lightbox-slideshow=\"all-7b06596\" data-elementor-lightbox-title=\"galerie_wohnung_aussen_2\">\n<\/a>\n<iframe loading=\"lazy\" style=\"border: 0;\" src=\"https:\/\/www.google.com\/maps\/embed?pb=!1m18!1m12!1m3!1d1889.7736100651455!2d13.16245691806763!3d41.2729769979337!2m3!1f0!2f0!3f0!3m2!1i1024!2i768!4f13.1!3m3!1m2!1s0x0%3A0x13670df5af17c638!2zNDHCsDE2JzIyLjciTiAxM8KwMDknNDcuMyJF!5e1!3m2!1sde!2sde!4v1644951656353!5m2!1sde!2sde\" width=\"600\" height=\"450\" allowfullscreen=\"allowfullscreen\"><\/iframe>","protected":false},"excerpt":{"rendered":"<p>Unsere Wohnung ist ca. 40 m2 gross und f\u00fcr 2 &#8211; 3 Personen geeignet. Dazu kommt noch ein grosser nach S\u00fcden gelegener Balkon und die ebenfalls 40 m2 grosse Dachterrasse von der man den ungetr\u00fcbten Blick \u00fcber das Meer geniessen kann. Im hinteren Teil des Appartements, abtrennbar durch eine Faltt\u00fcr, befinden sich zwei Betten mit &hellip; <\/p>\n<p class=\"link-more\"><a href=\"https:\/\/urlaub-in-terracina.de\/?page_id=79\" class=\"more-link\"><span class=\"screen-reader-text\">\u201eAppartement\u201c<\/span> weiterlesen<\/a><\/p>\n","protected":false},"author":1,"featured_media":0,"parent":0,"menu_order":0,"comment_status":"closed","ping_status":"closed","template":"","meta":{"footnotes":""},"_links":{"self":[{"href":"https:\/\/urlaub-in-terracina.de\/index.php?rest_route=\/wp\/v2\/pages\/79"}],"collection":[{"href":"https:\/\/urlaub-in-terracina.de\/index.php?rest_route=\/wp\/v2\/pages"}],"about":[{"href":"https:\/\/urlaub-in-terracina.de\/index.php?rest_route=\/wp\/v2\/types\/page"}],"author":[{"embeddable":true,"href":"https:\/\/urlaub-in-terracina.de\/index.php?rest_route=\/wp\/v2\/users\/1"}],"replies":[{"embeddable":true,"href":"https:\/\/urlaub-in-terracina.de\/index.php?rest_route=%2Fwp%2Fv2%2Fcomments&post=79"}],"version-history":[{"count":54,"href":"https:\/\/urlaub-in-terracina.de\/index.php?rest_route=\/wp\/v2\/pages\/79\/revisions"}],"predecessor-version":[{"id":355,"href":"https:\/\/urlaub-in-terracina.de\/index.php?rest_route=\/wp\/v2\/pages\/79\/revisions\/355"}],"wp:attachment":[{"href":"https:\/\/urlaub-in-terracina.de\/index.php?rest_route=%2Fwp%2Fv2%2Fmedia&parent=79"}],"curies":[{"name":"wp","href":"https:\/\/api.w.org\/{rel}","templated":true}]}}