{"id":86,"date":"2020-09-06T21:36:24","date_gmt":"2020-09-06T19:36:24","guid":{"rendered":"https:\/\/urlaub-in-terracina.de\/?page_id=86"},"modified":"2020-09-13T18:36:44","modified_gmt":"2020-09-13T16:36:44","slug":"umgebung","status":"publish","type":"page","link":"https:\/\/urlaub-in-terracina.de\/?page_id=86","title":{"rendered":"Umgebung"},"content":{"rendered":"<p><img decoding=\"async\" width=\"1920\" height=\"1280\" src=\"https:\/\/urlaub-in-terracina.de\/wp-content\/uploads\/2020\/09\/bucht_terracina.jpg\" alt=\"\" loading=\"lazy\" srcset=\"https:\/\/urlaub-in-terracina.de\/wp-content\/uploads\/2020\/09\/bucht_terracina.jpg 1920w, https:\/\/urlaub-in-terracina.de\/wp-content\/uploads\/2020\/09\/bucht_terracina-300x200.jpg 300w, https:\/\/urlaub-in-terracina.de\/wp-content\/uploads\/2020\/09\/bucht_terracina-1024x683.jpg 1024w, https:\/\/urlaub-in-terracina.de\/wp-content\/uploads\/2020\/09\/bucht_terracina-768x512.jpg 768w, https:\/\/urlaub-in-terracina.de\/wp-content\/uploads\/2020\/09\/bucht_terracina-1536x1024.jpg 1536w\" sizes=\"100vw\" \/>\t\t\t\t\t\t\t\t\t\t\t<\/p>\n<table width=\"830\" cellspacing=\"0\" cellpadding=\"4\">\n<tbody>\n<tr>\n<td valign=\"top\" width=\"822\">\n<p>Die Gegend rund um Terracina bietet ein nahezu unbegrenztes Reservoir an M\u00f6glichkeiten, um zu entdecken, zu geniessen und zu entspannen.<\/p>\n<p>Von Rom im Norden angefangen bis hin nach Neapel im S\u00fcden. Beides nur 100 Kilometer entfernt und gut per Zug oder Auto erreichbar.<\/p>\n<p>In dieser einzigartigen und alten Kulturlandschaft ist die Geschichte der verschiedenen V\u00f6lker, die hier lebten und leben, direkt und lebendig sp\u00fcrbar.<\/p>\n<\/td>\n<\/tr>\n<tr>\n<td valign=\"top\" width=\"822\" height=\"401\">\n<p>Lohnende Ausflugsziele (im Umkreis von 100 Kilometer) sind zum Beispiel:<\/p>\n<p>Pompeij, der Vesuv, die Kl\u00f6ster Monte Cassino und Fossanova, die St\u00e4dtchen Fondi, Gaeta oder Sperlonga und nat\u00fcrlich Rom und Neapel. Aber auch ein Tagestrip auf die nahe gelegenen pontinischen Inseln ist sehr empfehlenswert.<\/p>\n<\/td>\n<\/tr>\n<\/tbody>\n<\/table>\n","protected":false},"excerpt":{"rendered":"<p>Die Gegend rund um Terracina bietet ein nahezu unbegrenztes Reservoir an M\u00f6glichkeiten, um zu entdecken, zu geniessen und zu entspannen. Von Rom im Norden angefangen bis hin nach Neapel im S\u00fcden. Beides nur 100 Kilometer entfernt und gut per Zug oder Auto erreichbar. In dieser einzigartigen und alten Kulturlandschaft ist die Geschichte der verschiedenen V\u00f6lker, &hellip; <\/p>\n<p class=\"link-more\"><a href=\"https:\/\/urlaub-in-terracina.de\/?page_id=86\" class=\"more-link\"><span class=\"screen-reader-text\">\u201eUmgebung\u201c<\/span> weiterlesen<\/a><\/p>\n","protected":false},"author":1,"featured_media":0,"parent":0,"menu_order":0,"comment_status":"closed","ping_status":"closed","template":"","meta":{"footnotes":""},"_links":{"self":[{"href":"https:\/\/urlaub-in-terracina.de\/index.php?rest_route=\/wp\/v2\/pages\/86"}],"collection":[{"href":"https:\/\/urlaub-in-terracina.de\/index.php?rest_route=\/wp\/v2\/pages"}],"about":[{"href":"https:\/\/urlaub-in-terracina.de\/index.php?rest_route=\/wp\/v2\/types\/page"}],"author":[{"embeddable":true,"href":"https:\/\/urlaub-in-terracina.de\/index.php?rest_route=\/wp\/v2\/users\/1"}],"replies":[{"embeddable":true,"href":"https:\/\/urlaub-in-terracina.de\/index.php?rest_route=%2Fwp%2Fv2%2Fcomments&post=86"}],"version-history":[{"count":8,"href":"https:\/\/urlaub-in-terracina.de\/index.php?rest_route=\/wp\/v2\/pages\/86\/revisions"}],"predecessor-version":[{"id":229,"href":"https:\/\/urlaub-in-terracina.de\/index.php?rest_route=\/wp\/v2\/pages\/86\/revisions\/229"}],"wp:attachment":[{"href":"https:\/\/urlaub-in-terracina.de\/index.php?rest_route=%2Fwp%2Fv2%2Fmedia&parent=86"}],"curies":[{"name":"wp","href":"https:\/\/api.w.org\/{rel}","templated":true}]}}